 be v/(1/(-3)) - -3. What is the tens digit of l(q)?
7
Suppose 42 = 49*b - 42*b. Let w(o) = 66*o - 47. What is the hundreds digit of w(b)?
3
Suppose 0*o + 16 = -o + f, 0 = 3*o + 4*f + 20. Let r be ((-9)/o)/((-3)/(-72)). What is the hundreds digit of (6/3 - 32/(-6))*r?
1
Let l(m) = m**3 + 64*m**2 - 167*m - 117. What is the units digit of l(-65)?
3
Let i(u) = 2*u. Let g be i(1). Suppose -g*q - 12 + 26 = 0. Suppose -q*t - 12 = -8*t. What is the tens digit of t?
1
Let z = 14 + -5. Suppose -7*o - 2918 = -z*o + 4*x, x = o - 1459. What is the units digit of o?
9
Let r = -191 + 148. Suppose f + 3*g = 115, -3*g + 341 = 3*f + 2*g. Let h = f + r. What is the units digit of h?
9
Suppose 0 = 5*l - 2*m + 12, 3*m + 8 = l - 0. Let y be ((-1)/(-2))/((-3)/12). What is the units digit of (-6)/l - (y - (-612)/(-8))?
0
Let o(p) = 6397*p - 165. What is the hundreds digit of o(5)?
8
Suppose 31095 = 10*a - 4675. What is the tens digit of a?
7
Let t(c) = c**2 + c - 1. Let w(l) = 15*l**2 - 3*l - 3. Let f(g) = 4*t(g) + w(g). What is the units digit of f(5)?
3
Let t be 36/60 - 2188/5. Let u = t + 766. What is the tens digit of u?
2
Let s(k) = k**2 - 4*k + 8. Let t be s(2). Suppose -20 = -t*x + 52. What is the units digit of x?
8
What is the thousands digit of 15 + -14 + -5 + 31448?
1
Let p be 660/(-176) + (-2)/8 + 0. What is the tens digit of p/(-144)*4 + (-2481)/(-27)?
9
Suppose 5*r = -w - 45, -4*w + 9*w + 4*r = -162. Let z(n) = -n**2 + 47*n + 36. Let s be z(50). Let y = w - s. What is the units digit of y?
4
Let k = -11998 + 26193. What is the ten thousands digit of k?
1
Let h be 9*((-2)/5)/(24/(-20)). Suppose -h*i + 1145 = 5*o, 4*i - 1525 = o - 6*o. What is the units digit of i?
0
Suppose -5*f + 1802 = -463. Suppose -5*s = 2*j - 12, 0 = 3*j + 7 + 5. Suppose 3*q - f = -8*k + 7*k, 5*q - 772 = s*k. What is the hundreds digit of q?
1
Suppose -7*i + 198720 - 56375 = 0. What is the ten thousands digit of i?
2
Let d be 301/86*-2936*2/(-2). Suppose 19*w - 5703 = d. What is the hundreds digit of w?
8
Suppose 0 = 2*z - 26 - 92. Let m(p) = -7*p**2 + 36. Let f be m(0). Let u = z - f. What is the units digit of u?
3
Suppose -373*d + 364*d = -380664. What is the thousands digit of d?
2
Let q = -11820 - -29307. What is the thousands digit of q?
7
Let p(i) be the second derivative of 31*i**4/12 + 2*i**3/3 - 6*i**2 - 35*i. Let w be p(9). Suppose -9*x - 591 = -w. What is the hundreds digit of x?
2
Suppose 6*k - 5410 = 3*k - 2*x, -4 = 4*x. Suppose -4*j + 4*z - 3*z + k = 0, j = 3*z + 462. What is the hundreds digit of j?
4
Suppose 120636 = 16*b + 2*b. What is the units digit of b?
2
Suppose -3*c - 931 = -4*h + 81, -6 = 3*h. What is the tens digit of (-3)/(24/c)*(-48)/(-5)?
0
Let o be (3252/(-10))/(27/90). Let x = o + 1669. What is the tens digit of x?
8
Let j(r) be the second derivative of r**4/12 - 17*r**3/6 - r**2 + 32*r. What is the tens digit of j(-12)?
4
Suppose -t - 5*x = -0*t + 18, -14 = -3*t + 2*x. What is the tens digit of 1 - (t + -6) - -232?
3
Suppose -20*d + 176596 = 8*d. What is the hundreds digit of d?
3
Let j(t) = 407*t + 15022. What is the thousands digit of j(126)?
6
Let t(n) = 3*n**3 + 6*n**2 - 4*n - 5. Let x be t(4). Suppose -5*j = 1331 - 1341. Suppose -i + 0*l = 2*l - x, j*i - 3*l = 562. What is the tens digit of i?
7
What is the tens digit of 2/6 - ((-1030)/(-20))/((-36)/29496)?
9
Suppose -b + 4*b = 0. Let c = -192 - -211. What is the units digit of (25 - b) + -17 + c?
7
Suppose -161 = 24*i - 17. Let g(q) = q + 3. Let d be g(-5). What is the hundreds digit of 50*d/6*i?
1
Suppose 24 = 23*q - 11*q. Suppose -q*n = -3*o + 1366, 2*n + 262 = -2*o + 1186. What is the tens digit of o?
5
Let i(c) = 0*c**3 - 9 + 9*c**2 + 2*c**3 - 7*c - c**3. Let j(f) = -f**2 - 2*f + 8. Let g be j(-5). What is the hundreds digit of i(g)?
1
Let m = 42812 + -16759. What is the hundreds digit of m?
0
Let p(f) = 3*f - 41. Let v be p(15). Suppose v*k + 1146 = 2*t + 3*k, -2858 = -5*t - k. What is the units digit of t?
2
Let q(h) = -5 - h**2 + 4 - 6*h - h - h - 10. Let f(s) = 4*s. Let g be f(-1). What is the units digit of q(g)?
5
Let g(r) = 271*r**2 + 67*r + 201. What is the hundreds digit of g(-3)?
4
Let t = 8206 + -3464. What is the units digit of t?
2
Suppose 3*f - 5*d - 151339 = 0, -61*d + 50423 = f - 66*d. What is the hundreds digit of f?
4
Let y(j) be the first derivative of -16 + 7/2*j**2 + 11*j. What is the units digit of y(7)?
0
Let m(i) be the first derivative of 11*i**4/2 + i**3/3 - i**2 - 5*i + 25. What is the tens digit of m(2)?
7
Let z(v) = -6*v + 19. Let a be z(4). Let q = a + 5. Suppose -52*g + 49*g + 195 = q. What is the units digit of g?
5
Let j be (1/1)/((-9)/(-90)). What is the tens digit of (j/15)/((-8)/12) - -107?
0
Suppose 51*q - 111*q + 17140 = -59*q. What is the thousands digit of q?
7
Let p(s) = 5*s**3 + 4*s**2 - 2*s - 10. Let m be (5/(-4))/(6/8 + -1). What is the units digit of p(m)?
5
Suppose -3*x = 3*z - 1803, -2*x - 268 = -z + 345. Suppose -339 = -3*d - 2*a, -5*a + z - 153 = 4*d. Let v = -13 + d. What is the hundreds digit of v?
1
Suppose -640 = n + 4*n. Let h = n - -357. What is the units digit of h?
9
Let j = -66118 - -99298. What is the hundreds digit of j?
1
Let z = -37 + 39. Suppose -z*s = -s - 303. Suppose s = 3*b - 3*t, 213 + 177 = 4*b + 3*t. What is the tens digit of b?
9
Let m(d) = 6010*d**2 + 116*d + 116. What is the hundreds digit of m(-1)?
0
Suppose -j - 63741 - 654809 = -26*j. What is the thousands digit of j?
8
Let t(j) = 34*j**2 + 98*j + 809. What is the thousands digit of t(-9)?
2
Let r(h) = 4*h - 70. Let n be r(18). Let c(j) = 642*j + 38. What is the thousands digit of c(n)?
1
Suppose 5*v = -32 + 97. Suppose v*u = -8*u + 8988. What is the units digit of u?
8
Let h(z) = -8*z**3 - 2*z**2 + 4*z + 5. Let n be h(-2). Let u = 102 + n. What is the tens digit of u?
5
Suppose 0 = 5*y - 147 + 132. What is the tens digit of y/6*(-11)/(66/(-11244))?
3
Let h = 34 + -23. Suppose -8*w + h + 5 = 0. Suppose -w*o + 76 = -24. What is the units digit of o?
0
Suppose -889*o + 1792*o = 899*o + 18828. What is the units digit of o?
7
Let r be (167 + -166)*(4*1 - -1). Suppose 3*a - 2556 = -2*j, -4*a + r*j = -4945 + 1514. What is the hundreds digit of a?
8
Suppose f + 2*r = -r + 4, -2*f - 4*r + 8 = 0. Suppose -5*k - 7*g + 4*g + 1490 = 0, 5*k - f*g - 1455 = 0. What is the units digit of k?
5
Let u(g) = -g**3 - 6*g**2 + g + 6. Let t be u(-5). Let i be 8/14 - t/7. Suppose -3*f + 2*m + 367 = 0, -i*m - m + 451 = 4*f. What is the hundreds digit of f?
1
Let a = 245553 + -174258. What is the ten thousands digit of a?
7
Let w = -60 + 52. Let s be (7/((-28)/w) - -1) + 0. Suppose -s*c + y + 206 + 173 = 0, -5*y + 230 = 2*c. What is the hundreds digit of c?
1
Let m be 4/7 - (-44)/(-77). Let c(a) = -a**3 + a**2 - a + 64. Let t be c(m). What is the units digit of ((-9)/(-6))/(4 + (-255)/t)?
6
Let m(d) = -349*d - 1148. What is the hundreds digit of m(-93)?
3
Suppose -2*r = 3*i - 47343, -63*i = -68*i + 4*r + 78949. What is the hundreds digit of i?
7
Suppose -15*t = -37 - 23. Suppose -z = -3, 16*i - 964 = 12*i + t*z. What is the tens digit of i?
4
What is the units digit of (-1483*2)/(19/((-931)/252) + 5)?
2
Let f(k) = 31473*k**2 + 165*k - 165. What is the units digit of f(1)?
3
What is the ten thousands digit of -7*-5*1/5 + 10806?
1
Let k be ((-1)/(2/4))/(-5 + 6). What is the units digit of (1060/(-16) + k + 3)*-4?
1
What is the hundreds digit of 7575 - (9/((-72)/64) + 3)?
5
Let o = 696 + 181. Let m = o + -611. What is the units digit of m?
6
Let q be (-165)/(-110) + (1 - 1/2). Suppose -369 = -5*c + 6*k - q*k, 360 = 5*c + 5*k. What is the units digit of c?
3
Let z(y) = 51*y - 16*y + 33*y - 2. Let d be z(-2). What is the tens digit of d/(-3) + 0/(-6)?
4
Suppose 0 = 2*v + 3*f + 5341 - 19832, 0 = -2*f - 10. What is the tens digit of v?
5
Suppose 868 = 3*u + 2*h - 894, -4*h - 1732 = -3*u. Suppose -3*o - 2*l = -u, 326 = 5*o - l - 630. What is the tens digit of o?
9
Let j = 1084 + 19. Suppose 5*d = 52 + j. What is the hundreds digit of d?
2
Suppose y - 16041 = 4*l, y - 5*l - 7015 = 9023. What is the thousands digit of y?
6
Let t = 20 - 50. Let h = -94 + t. Let f = h - -215. What is the tens digit of f?
9
Let x(v) = -11*v - 122. Let z be x(-11). What is the tens digit of (4/(-1) - -3)*(z - 87)?
8
L